 20650, -2*o = -3*i - 8565. What is the units digit of o?
5
Let z = -21 - -23. Suppose -4*m = -z*m + 2, 0 = -2*j + 4*m + 232. What is the units digit of j?
4
Let c(s) = s + 17. Let f be c(-9). Suppose f*q - 2*q = 486. What is the tens digit of q?
8
Let b = 5 + -17. Suppose -3*v - 3*v = -12. What is the tens digit of (-2961)/(-54) - v/b?
5
Let k be ((-10)/15)/((-3)/(-9)). Let h(r) = 17*r + 4. Let n be h(k). Let w = n - -77. What is the tens digit of w?
4
Suppose 4 - 12 = -4*b. Suppose -5*c = -48 - b. What is the tens digit of c?
1
Suppose s = 14 + 41. Suppose -2*j + 0*f + 110 = f, -j = 4*f - s. What is the tens digit of j?
5
Suppose -2*r - 1 = -3*f + 5, 0 = -5*f + r + 17. Suppose 8 = z + f. What is the units digit of z?
4
Suppose r = -3*z - 2*r + 24, 5*r = 5*z. Suppose z*y = -3*q + q - 10, 2 = -2*y. What is the units digit of (-2)/(-3) + (-115)/q?
9
Suppose -5*x + 39 = 3*d - 51, 0 = 3*x + 4*d - 65. Suppose 0 = x*y - 13*y - 112. What is the tens digit of y?
5
What is the units digit of (63 + -44)*(-366)/(-2)?
7
Let f(v) = 7*v - 3. Let z be f(3). What is the units digit of (-4)/26 - 642*z/(-78)?
8
What is the units digit of ((-48)/(-44))/(-6) - (-149040)/66?
8
Let u = 87 - 16. Suppose u - 15 = 2*k. Let b = k + 9. What is the tens digit of b?
3
Let x(m) = 3 - 2*m - 4 + 4 - 7 - 2*m**2. Let q be x(3). Let p = -15 - q. What is the units digit of p?
3
Suppose 3*n + 6 = 0, -3*h - 3*n - 38 - 31 = 0. Let y be (-423)/(-5) + h/35. Suppose -y = -3*g + 78. What is the units digit of g?
4
Let v(s) = 36*s**2 + 36*s + 26. Let b(p) = 7*p**2 + 7*p + 5. Let z(i) = 11*b(i) - 2*v(i). Let m be z(3). Suppose -5*o + 37 = -m. What is the tens digit of o?
2
Suppose 5366 = 9*z - 1987. What is the tens digit of z?
1
Suppose 2*p + 8 = 4*p. Let x be (1 + -1)/(-1 + 0). Suppose 5*c - 3*c + 4 = x, p*v + 2 = -3*c. What is the units digit of v?
1
Let b(i) be the third derivative of -i**6/60 - i**5/30 + i**4/12 + 7*i**3/6 + 7*i**2. Let q be b(-3). Suppose q + 15 = 2*p. What is the tens digit of p?
2
Let v be (-5)/(-1 - 3/(-6)). Let i = v + -2. What is the tens digit of (1 + -2)*(i + -37)?
2
Let y(s) = -s**2 + 11*s + 3. Let p be y(8). Let j = 27 - p. Suppose -3*r + j*r = -186. What is the tens digit of r?
6
Suppose 13*r + 661 = -574. Let y = r - -187. What is the units digit of y?
2
Let n = -2456 - -2896. What is the hundreds digit of n?
4
Let r(v) = 38*v - 132. What is the hundreds digit of r(8)?
1
What is the tens digit of (81885/8)/5 - (-34)/(-272)?
4
Let b(c) = 4*c + 2*c + 3 - 12*c**3 + 6*c**2 + 10*c**3. Let p be b(5). Let r = -48 - p. What is the tens digit of r?
1
Suppose 0 = -17*a + 9603 + 10933. What is the thousands digit of a?
1
Suppose 0 = -5*c + 2134 + 1351. What is the units digit of c?
7
Let b(x) = -x**3 - 3*x**2 - 2*x - 6. Let r be b(-3). Let u(a) = -a**3 + a**2 + a + 119. What is the hundreds digit of u(r)?
1
What is the tens digit of -5 - (-1364 + (2 - 5))?
6
What is the hundreds digit of 24268/30*3 - (-2)/10?
4
Let r be ((-2)/(-4))/(2/228). What is the tens digit of 2*(2 + r - 3)?
1
Suppose 3*n = 5*n - 22. Let u(z) = -17*z + 11 - 15 + n. What is the tens digit of u(-3)?
5
Let c = 74 - -1525. What is the thousands digit of c?
1
What is the thousands digit of 11 - -415*(-3 - -8)?
2
Suppose 4*g - 3*j - 2232 = 0, 1116 = 2*g - 54*j + 50*j. What is the hundreds digit of g?
5
Let l be 8/(-180)*3 + (-2582)/(-15). Suppose -2*w + 3*v = -198, 2*w + 2 = -4*v + l. What is the units digit of w?
3
Suppose 4*o = 5*x + 279, -252*x + 248*x = o - 75. What is the tens digit of o?
7
Let z(a) = -a + 4 + 7*a + 0 + 17*a**2 - 2*a. What is the tens digit of z(3)?
6
Let u = -110 + 113. Suppose -f = -4*l + 1404, -u*l + 0*f + 3*f = -1062. What is the tens digit of l?
5
Suppose x - 2*z - 198 = -x, -392 = -4*x + 5*z. Let o = x - 59. What is the units digit of o?
4
Let u(v) = 59*v + 1536. What is the units digit of u(0)?
6
Let o = -13 + 22. Suppose 5*i - 2*i - o = 0. Suppose 97 = 2*t - i*r, 5*r = -4*t + 2*t + 57. What is the units digit of t?
1
Let i = 66 + -26. Suppose -15 - 35 = 5*j - d, 4*j - d + i = 0. Let u = 3 - j. What is the units digit of u?
3
Let n(a) = 101*a + 0 - 22*a - 1. What is the tens digit of n(1)?
7
Suppose 2*b + y = 2316, 12*b - 14*b = -3*y - 2300. What is the tens digit of b?
5
Let n(x) = -47*x**3 + x**2 + x + 2. What is the tens digit of n(-2)?
8
Let h(s) = 6*s**2 + 5*s - 2. Let m(v) = 8*v**2 - v**3 + 3 + 27*v**2 - 20*v**2. Let t be m(15). What is the units digit of h(t)?
7
What is the units digit of (-11 - 0)*(2 + -3)?
1
Let s = -437 + 700. What is the hundreds digit of s?
2
Suppose 145*g - 139829 = 78*g. What is the units digit of g?
7
Let l(z) = -5*z + 167. What is the tens digit of l(-30)?
1
Let f be (-167)/(-4) + (-15)/(-60). Suppose -k = -0*k - f. What is the tens digit of k?
4
Suppose 2*q - 36*q + 17476 = 0. What is the tens digit of q?
1
Let f(u) be the third derivative of -u**6/120 + u**5/60 + u**4/8 - u**3/6 - 5*u**2. Let v be f(-4). Let a = 96 - v. What is the tens digit of a?
2
Let z(c) = 8*c**2 + 303*c - 22. What is the units digit of z(-45)?
3
Suppose g + 4 = 4*b, g + 3*g = 5*b + 6. Suppose -2*p = -3*i + 3*p, g*i = -p. Suppose i = -0*y - 3*y + 84. What is the units digit of y?
8
Let n(f) be the second derivative of -f**3/2 - f**2/2 + f. Let i be n(-1). Suppose -x = 5*m - i*x - 113, 3*m = -5*x + 79. What is the tens digit of m?
2
Suppose 5*l - 8*l = -18. Let z be ((-17)/(-17))/((-2)/l). What is the tens digit of (-19)/(z + 16/6)?
5
Let r = 4660 + -7729. What is the tens digit of r/(-63) + (-4)/(-14)?
4
Let v be (-1)/4 - 3/4. Let s(r) be the third derivative of -r**4/4 - r**3/6 + 20*r**2 - 2. What is the units digit of s(v)?
5
Suppose 5*c + 8 = 7*c. Let q be (-4)/((-1)/(10/4)). Let k = q + c. What is the units digit of k?
4
Suppose -c + w = -0*c, -4*c = -5*w + 4. Suppose -381 = -c*x + 3*h, -25 = -3*h - 2*h. What is the units digit of x?
9
Let l(m) = -m**2 - 14*m + 18. Let x be l(-15). Suppose 2*u = -i + 65, x*i + 2*u - 3*u - 174 = 0. What is the tens digit of i?
5
Suppose -13 = -4*m - 3*h, -4*m - 3*h + 12 = h. Suppose -5*k - t + 3*t = -169, m*t + 8 = 0. What is the tens digit of k?
3
Let w = 0 + -23. Let h = 90 + w. What is the units digit of h?
7
Let n = 373 + 4209. What is the units digit of n?
2
Let d = -20 - -30. Suppose -3*s - d = -5*s. Suppose -s*m + 3 + 2 = 0. What is the units digit of m?
1
Suppose -5*u + 9 = -2*d, -3*u + 2 = 5*d + 9. Let r = d + 7. Let k(v) = v**2 + v - 7. What is the units digit of k(r)?
3
Let r = -9 - -67. Let m = r + -46. What is the units digit of m?
2
Suppose 4*h = -2804 + 8156. What is the thousands digit of h?
1
Let b be ((-15)/(-30))/((-2)/4). Let h(x) be the second derivative of -6*x**3 + 3*x**2/2 - 2*x. What is the units digit of h(b)?
9
Let h(m) = 3*m**2 + 31*m + 14. Let g(x) = -x**2 + 1. Let l(p) = 5*g(p) + h(p). What is the tens digit of l(14)?
6
Let x be 649/(-44) + 3/4. Let s = x - -20. Suppose -3*h - 63 = -s*h. What is the units digit of h?
1
Let c(j) = -13*j. Let n be c(-4). Suppose 0 = -5*s + 3*g + 3, s - 5*g + 10 = -7. Suppose -s*u = u - n. What is the units digit of u?
3
What is the hundreds digit of (-1331 - (2 + -3))*-1?
3
Let c = 1 - -2. Suppose 3*w = 105 + 15. Suppose -c*z = 2*z - w. What is the units digit of z?
8
Suppose -6 = 2*q - 0, 1247 = 5*w + q. Suppose -4*l = -3*r + w, -2*r + 5*l = -157 + 2. What is the tens digit of r?
9
Suppose 5*g - 35 = 2*j, -3*j + 3*g - 30 = -0*g. Let p be (-2)/j*(-100)/(-8). Suppose p*y + 0*y - 320 = 0. What is the units digit of y?
4
Let t(n) = n + 2. Let f be t(-11). Let i = 15 + f. Let l(r) = -r**2 + 6*r + 6. What is the units digit of l(i)?
6
Suppose -4*v - 4 = -20. Suppose 4*r = -7*f + v*f + 176, 132 = 3*r + 5*f. Suppose 2*p + 16 - r = 0. What is the units digit of p?
4
Suppose -3*r = -5*r + 6*r. What is the hundreds digit of 123 - r - (18 - 14)?
1
Let t be 18/(-63) + 177/7. Let c = t + -15. Suppose 7*q = 5*q + c. What is the units digit of q?
5
Let m = -102 + 35. Let q = m - -138. What is the tens digit of q?
7
Let t(d) = d**3 + 45 + 0*d - 65 - 10*d**2 - 7*d. What is the tens digit of t(12)?
8
Let y(c) = c**3 + 8*c**2 + 8*c + 10. Let b(l) = 3*l + 5. Let g be b(-4). Let h be y(g). Suppose h*t - 260 = -2*t. What is the tens digit of t?
5
Suppose 12*a = 10*a + 4*l + 2406, 3*